{"id":40,"date":"2022-03-09T17:40:50","date_gmt":"2022-03-09T16:40:50","guid":{"rendered":"https:\/\/www.mgeomaternowski.pl\/?page_id=40"},"modified":"2025-09-15T09:38:39","modified_gmt":"2025-09-15T07:38:39","slug":"home","status":"publish","type":"page","link":"https:\/\/www.mgeomaternowski.pl\/","title":{"rendered":"home"},"content":{"rendered":"\n<div class=\"wp-block-columns alignfull is-layout-flex wp-container-core-columns-is-layout-9d6595d7 wp-block-columns-is-layout-flex\">\n<div class=\"wp-block-column is-layout-flow wp-block-column-is-layout-flow\">\n<div class=\"wp-block-getwid-section has-inner-blocks-gap-none getwid-margin-top-none getwid-margin-bottom-none\"><div class=\"wp-block-getwid-section__wrapper getwid-padding-top-large getwid-padding-bottom-large getwid-padding-left-large getwid-padding-right-large getwid-margin-left-none getwid-margin-right-none\" style=\"min-height:100vh\"><div class=\"wp-block-getwid-section__inner-wrapper\"><div class=\"wp-block-getwid-section__background-holder\"><div class=\"wp-block-getwid-section__background has-background has-nv-light-bg-background-color\"><\/div><div class=\"wp-block-getwid-section__foreground\"><\/div><\/div><div class=\"wp-block-getwid-section__content\"><div class=\"wp-block-getwid-section__inner-content\"><div class=\"wp-block-image\">\n<figure class=\"aligncenter size-full is-resized\"><a href=\"https:\/\/www.mgeomaternowski.pl\/\"><img loading=\"lazy\" decoding=\"async\" width=\"363\" height=\"174\" src=\"https:\/\/www.mgeomaternowski.pl\/wp-content\/uploads\/2022\/03\/cropped-M-GeoLOGO.png\" alt=\"\" class=\"wp-image-25\" style=\"width:237px;height:114px\" srcset=\"https:\/\/www.mgeomaternowski.pl\/wp-content\/uploads\/2022\/03\/cropped-M-GeoLOGO.png 363w, https:\/\/www.mgeomaternowski.pl\/wp-content\/uploads\/2022\/03\/cropped-M-GeoLOGO-300x144.png 300w\" sizes=\"auto, (max-width: 363px) 100vw, 363px\" \/><\/a><\/figure>\n<\/div>\n\n\n<div style=\"height:100px\" aria-hidden=\"true\" class=\"wp-block-spacer\"><\/div>\n\n\n\n<h1 class=\"wp-block-heading has-text-align-center\">Mateusz Maternowski<br>Geodezja Grudzi\u0105dz<\/h1>\n\n\n\n<hr class=\"wp-block-separator has-alpha-channel-opacity is-style-dots\"\/>\n\n\n\n<h1 class=\"wp-block-heading has-text-align-center\">Nieruchomo\u015bci<\/h1>\n\n\n\n<div style=\"height:100px\" aria-hidden=\"true\" class=\"wp-block-spacer\"><\/div>\n\n\n\n<div class=\"wp-block-buttons is-content-justification-center is-layout-flex wp-container-core-buttons-is-layout-16018d1d wp-block-buttons-is-layout-flex\">\n<div class=\"wp-block-button\"><a class=\"wp-block-button__link wp-element-button\" href=\"https:\/\/www.mgeomaternowski.pl\/#o-mnie\">dowiedz si\u0119 wi\u0119cej<\/a><\/div>\n<\/div>\n<\/div><\/div><\/div><\/div><\/div>\n<\/div>\n\n\n\n<div class=\"wp-block-column is-layout-flow wp-block-column-is-layout-flow\">\n<div class=\"wp-block-getwid-section has-inner-blocks-gap-none getwid-margin-top-none getwid-margin-bottom-none\"><div class=\"wp-block-getwid-section__wrapper getwid-margin-left-none getwid-margin-right-none\" style=\"min-height:100vh\"><div class=\"wp-block-getwid-section__inner-wrapper\"><div class=\"wp-block-getwid-section__background-holder\"><div class=\"wp-block-getwid-section__background\" style=\"background-image:url('https:\/\/www.mgeomaternowski.pl\/wp-content\/uploads\/2022\/03\/20210227_120854-scaled.jpg');background-position:53% 52%;background-attachment:fixed\"><div class=\"wp-block-getwid-section__background-image-wrapper\"><img decoding=\"async\" class=\"wp-block-getwid-section__background-image\" src=\"https:\/\/www.mgeomaternowski.pl\/wp-content\/uploads\/2022\/03\/20210227_120854-scaled.jpg\" alt=\"\"\/><\/div><\/div><div class=\"wp-block-getwid-section__foreground\" style=\"opacity:0.2;background-color:var(--nv-light-bg)\"><\/div><\/div><div class=\"wp-block-getwid-section__content\"><div class=\"wp-block-getwid-section__inner-content\"><\/div><\/div><\/div><\/div><\/div>\n<\/div>\n<\/div>\n\n\n\n<div class=\"wp-block-columns alignfull is-layout-flex wp-container-core-columns-is-layout-9d6595d7 wp-block-columns-is-layout-flex\">\n<div class=\"wp-block-column is-layout-flow wp-block-column-is-layout-flow\">\n<div class=\"wp-block-getwid-section has-inner-blocks-gap-none getwid-margin-top-none getwid-margin-bottom-none\"><div class=\"wp-block-getwid-section__wrapper getwid-margin-left-none getwid-margin-right-none\" style=\"min-height:100vh\"><div class=\"wp-block-getwid-section__inner-wrapper\"><div class=\"wp-block-getwid-section__background-holder\"><div class=\"wp-block-getwid-section__background\" style=\"background-image:url('https:\/\/www.mgeomaternowski.pl\/wp-content\/uploads\/2022\/08\/20210428_113226_jebacpis-scaled.jpg');background-position:76% 56.99999999999999%\"><div class=\"wp-block-getwid-section__background-image-wrapper\"><img decoding=\"async\" class=\"wp-block-getwid-section__background-image\" src=\"https:\/\/www.mgeomaternowski.pl\/wp-content\/uploads\/2022\/08\/20210428_113226_jebacpis-scaled.jpg\" alt=\"\"\/><\/div><\/div><div class=\"wp-block-getwid-section__foreground\" style=\"opacity:0.8;background-color:var(--nv-text-color);mix-blend-mode:color\"><\/div><\/div><div class=\"wp-block-getwid-section__content\"><div class=\"wp-block-getwid-section__inner-content\"><\/div><\/div><\/div><\/div><\/div>\n<\/div>\n\n\n\n<div class=\"wp-block-column is-layout-flow wp-block-column-is-layout-flow\">\n<div id=\"o-mnie\" class=\"wp-block-getwid-section has-inner-blocks-gap-none getwid-margin-top-none getwid-margin-bottom-none\"><div class=\"wp-block-getwid-section__wrapper getwid-padding-top-large getwid-padding-bottom-large getwid-padding-left-large getwid-padding-right-large getwid-padding-tablet-top-normal getwid-padding-tablet-bottom-normal getwid-padding-tablet-left-normal getwid-padding-tablet-right-normal getwid-padding-mobile-top-normal getwid-padding-mobile-bottom-normal getwid-padding-mobile-left-normal getwid-padding-mobile-right-normal getwid-margin-left-none getwid-margin-right-none\" style=\"min-height:100vh\"><div class=\"wp-block-getwid-section__inner-wrapper\"><div class=\"wp-block-getwid-section__background-holder\"><div class=\"wp-block-getwid-section__background\"><\/div><div class=\"wp-block-getwid-section__foreground\" style=\"opacity:0.2;background-color:var(--nv-light-bg)\"><\/div><\/div><div class=\"wp-block-getwid-section__content\"><div class=\"wp-block-getwid-section__inner-content\">\n<h2 class=\"wp-block-heading\">O MNIE<\/h2>\n\n\n\n<p>W 2011 roku uko\u0144czy\u0142em studia na kierunku geodezja i kartografia Uniwersytetu Warmi\u0144sko-Mazurskiego w Olsztynie. Od tamtej pory sukcesywnie zdobywam wiedz\u0119 i do\u015bwiadczenie przy r\u00f3\u017cnego rodzaju wyzwaniach zwi\u0105zanych z szeroko poj\u0119t\u0105 dziedzina geodezji.<\/p>\n\n\n\n<p><br>Gdy w 2020 wiele firm zamyka\u0142o si\u0119 przez pandemi\u0119 ja postanowi\u0142em zaryzykowa\u0107 i otworzy\u0142em w\u0142asn\u0105 firm\u0119 geodezyjn\u0105. Obecnie rozwijam j\u0105, dzia\u0142aj\u0105c na terenie woj. kujawsko-pomorskiego. <\/p>\n\n\n\n<div style=\"height:100px\" aria-hidden=\"true\" class=\"wp-block-spacer\"><\/div>\n\n\n\n<div class=\"wp-block-buttons is-horizontal is-content-justification-center is-layout-flex wp-container-core-buttons-is-layout-ddb39544 wp-block-buttons-is-layout-flex\">\n<div class=\"wp-block-button\"><a class=\"wp-block-button__link wp-element-button\" href=\"https:\/\/www.mgeomaternowski.pl\/#geodezja\" style=\"border-radius:0px\">us\u0142ugi geodezyjne<\/a><\/div>\n\n\n\n<div class=\"wp-block-button\"><a class=\"wp-block-button__link wp-element-button\" href=\"https:\/\/www.mgeomaternowski.pl\/#nieruchomosci\" style=\"border-radius:0px\">po\u015brednictwo nieruchomo\u015bci<\/a><\/div>\n<\/div>\n\n\n\n<p><\/p>\n<\/div><\/div><\/div><\/div><\/div>\n<\/div>\n<\/div>\n\n\n\n<div id=\"geodezja\" class=\"wp-block-getwid-section has-inner-blocks-gap-none getwid-margin-top-none getwid-margin-bottom-none\"><div class=\"wp-block-getwid-section__wrapper getwid-padding-top-large getwid-padding-bottom-large getwid-padding-left-large getwid-padding-right-large getwid-margin-left-none getwid-margin-right-none\" style=\"min-height:50vh\"><div class=\"wp-block-getwid-section__inner-wrapper\"><div class=\"wp-block-getwid-section__background-holder\"><div class=\"wp-block-getwid-section__background\" style=\"background-image:url('https:\/\/www.mgeomaternowski.pl\/wp-content\/uploads\/2022\/03\/20210427_111550-scaled.jpg');background-attachment:fixed\"><div class=\"wp-block-getwid-section__background-image-wrapper\"><img decoding=\"async\" class=\"wp-block-getwid-section__background-image\" src=\"https:\/\/www.mgeomaternowski.pl\/wp-content\/uploads\/2022\/03\/20210427_111550-scaled.jpg\" alt=\"\"\/><\/div><\/div><div class=\"wp-block-getwid-section__foreground\" style=\"opacity:0.74;background-color:var(--nv-site-bg)\"><\/div><\/div><div class=\"wp-block-getwid-section__content\"><div class=\"wp-block-getwid-section__inner-content\">\n<h2 class=\"wp-block-heading has-text-align-center\">US\u0141UGI GEODEZYJNE<\/h2>\n<\/div><\/div><\/div><\/div><\/div>\n\n\n\n<div class=\"wp-block-columns alignfull is-layout-flex wp-container-core-columns-is-layout-9d6595d7 wp-block-columns-is-layout-flex\">\n<div class=\"wp-block-column is-layout-flow wp-block-column-is-layout-flow\">\n<div class=\"wp-block-getwid-section has-inner-blocks-gap-none getwid-margin-top-none getwid-margin-bottom-none\"><div class=\"wp-block-getwid-section__wrapper getwid-padding-top-large getwid-padding-bottom-large getwid-padding-left-large getwid-padding-right-large getwid-padding-mobile-top-normal getwid-padding-mobile-bottom-normal getwid-padding-mobile-left-normal getwid-padding-mobile-right-normal getwid-margin-left-none getwid-margin-right-none getwid-align-items-flex-end\" style=\"min-height:50vh\"><div class=\"wp-block-getwid-section__inner-wrapper\"><div class=\"wp-block-getwid-section__background-holder\"><div class=\"wp-block-getwid-section__background\"><\/div><div class=\"wp-block-getwid-section__foreground\" style=\"opacity:0.2;background-color:var(--nv-light-bg)\"><\/div><\/div><div class=\"wp-block-getwid-section__content\"><div class=\"wp-block-getwid-section__inner-content\">\n<ul class=\"wp-block-list\">\n<li><strong>PODZIA\u0141Y I ROZGRANICZENIA NIERUCHOMO\u015aCI<\/strong><\/li>\n\n\n\n<li><strong>WZNOWIENIA ZNAK\u00d3W GRANICZNYCH<\/strong><\/li>\n\n\n\n<li><strong>USTALANIE PRZEBIEGU GRANIC DZIA\u0141EK<\/strong><\/li>\n<\/ul>\n\n\n\n<hr class=\"wp-block-separator has-css-opacity\"\/>\n<\/div><\/div><\/div><\/div><\/div>\n<\/div>\n\n\n\n<div class=\"wp-block-column is-layout-flow wp-block-column-is-layout-flow\">\n<div class=\"wp-block-getwid-section has-inner-blocks-gap-none getwid-margin-top-none getwid-margin-bottom-none\"><div class=\"wp-block-getwid-section__wrapper getwid-padding-top-large getwid-padding-bottom-large getwid-padding-left-large getwid-padding-right-large getwid-padding-mobile-top-normal getwid-padding-mobile-bottom-normal getwid-padding-mobile-left-normal getwid-padding-mobile-right-normal getwid-margin-left-none getwid-margin-right-none getwid-align-items-flex-end\" style=\"min-height:50vh\"><div class=\"wp-block-getwid-section__inner-wrapper\"><div class=\"wp-block-getwid-section__background-holder\"><div class=\"wp-block-getwid-section__background has-background has-nv-light-bg-background-color\"><\/div><div class=\"wp-block-getwid-section__foreground\" style=\"opacity:0.2;background-color:var(--nv-light-bg)\"><\/div><\/div><div class=\"wp-block-getwid-section__content\"><div class=\"wp-block-getwid-section__inner-content\">\n<ul class=\"wp-block-list\">\n<li><strong>WYTYCZENIA BUDYNK\u00d3W<\/strong><\/li>\n\n\n\n<li><strong>WYTYCZENIA SIECI UZBROJENIA TERENU<\/strong><\/li>\n<\/ul>\n\n\n\n<hr class=\"wp-block-separator has-css-opacity\"\/>\n<\/div><\/div><\/div><\/div><\/div>\n<\/div>\n\n\n\n<div class=\"wp-block-column is-layout-flow wp-block-column-is-layout-flow\">\n<div class=\"wp-block-getwid-section has-inner-blocks-gap-none getwid-margin-top-none getwid-margin-bottom-none\"><div class=\"wp-block-getwid-section__wrapper getwid-padding-top-large getwid-padding-bottom-large getwid-padding-left-large getwid-padding-right-large getwid-padding-mobile-top-normal getwid-padding-mobile-bottom-normal getwid-padding-mobile-left-normal getwid-padding-mobile-right-normal getwid-margin-left-none getwid-margin-right-none getwid-align-items-flex-end\" style=\"min-height:50vh\"><div class=\"wp-block-getwid-section__inner-wrapper\"><div class=\"wp-block-getwid-section__background-holder\"><div class=\"wp-block-getwid-section__background\"><\/div><div class=\"wp-block-getwid-section__foreground\" style=\"opacity:0.2;background-color:var(--nv-light-bg)\"><\/div><\/div><div class=\"wp-block-getwid-section__content\"><div class=\"wp-block-getwid-section__inner-content\">\n<ul class=\"wp-block-list\">\n<li><strong>MAPY DO CEL\u00d3W PROJEKTOWYCH<\/strong><\/li>\n\n\n\n<li><strong>MAPY INWENTARYZACJI POWYKONAWCZEJ<\/strong><\/li>\n<\/ul>\n\n\n\n<hr class=\"wp-block-separator has-css-opacity\"\/>\n<\/div><\/div><\/div><\/div><\/div>\n<\/div>\n\n\n\n<div class=\"wp-block-column is-layout-flow wp-block-column-is-layout-flow\">\n<div class=\"wp-block-getwid-section has-inner-blocks-gap-none getwid-margin-top-none getwid-margin-bottom-none\"><div class=\"wp-block-getwid-section__wrapper getwid-padding-top-large getwid-padding-bottom-large getwid-padding-left-large getwid-padding-right-large getwid-padding-mobile-top-normal getwid-padding-mobile-bottom-normal getwid-padding-mobile-left-normal getwid-padding-mobile-right-normal getwid-margin-left-none getwid-margin-right-none getwid-align-items-flex-end\" style=\"min-height:50vh\"><div class=\"wp-block-getwid-section__inner-wrapper\"><div class=\"wp-block-getwid-section__background-holder\"><div class=\"wp-block-getwid-section__background has-background has-nv-light-bg-background-color\"><\/div><div class=\"wp-block-getwid-section__foreground\" style=\"opacity:0.2;background-color:var(--nv-light-bg)\"><\/div><\/div><div class=\"wp-block-getwid-section__content\"><div class=\"wp-block-getwid-section__inner-content\">\n<div class=\"wp-block-buttons is-layout-flex wp-block-buttons-is-layout-flex\">\n<div class=\"wp-block-button aligncenter\"><a class=\"wp-block-button__link wp-element-button\" href=\"https:\/\/www.mgeomaternowski.pl\/#kontakt\">KONTAKT<\/a><\/div>\n<\/div>\n\n\n\n<hr class=\"wp-block-separator has-css-opacity\"\/>\n<\/div><\/div><\/div><\/div><\/div>\n<\/div>\n<\/div>\n\n\n\n<div id=\"nieruchomosci\" class=\"wp-block-getwid-section has-inner-blocks-gap-none getwid-margin-top-none getwid-margin-bottom-none\"><div class=\"wp-block-getwid-section__wrapper getwid-padding-top-large getwid-padding-bottom-large getwid-padding-left-large getwid-padding-right-large getwid-margin-left-none getwid-margin-right-none\" style=\"min-height:50vh\"><div class=\"wp-block-getwid-section__inner-wrapper\"><div class=\"wp-block-getwid-section__background-holder\"><div class=\"wp-block-getwid-section__background\" style=\"background-image:url('https:\/\/www.mgeomaternowski.pl\/wp-content\/uploads\/2022\/10\/DSC_7969_bilbil-scaled.jpg');background-attachment:fixed\"><div class=\"wp-block-getwid-section__background-image-wrapper\"><img decoding=\"async\" class=\"wp-block-getwid-section__background-image\" src=\"https:\/\/www.mgeomaternowski.pl\/wp-content\/uploads\/2022\/10\/DSC_7969_bilbil-scaled.jpg\" alt=\"\"\/><\/div><\/div><div class=\"wp-block-getwid-section__foreground\" style=\"opacity:0.74;background-color:var(--nv-site-bg)\"><\/div><\/div><div class=\"wp-block-getwid-section__content\"><div class=\"wp-block-getwid-section__inner-content\">\n<h2 class=\"wp-block-heading has-text-align-center\">PO\u015aREDNICTWO W OBROCIE NIERUCHOMO\u015aCIAMI<\/h2>\n<\/div><\/div><\/div><\/div><\/div>\n\n\n\n<div id=\"oferta-dla-firm\" class=\"wp-block-getwid-section has-inner-blocks-gap-none getwid-margin-top-none getwid-margin-bottom-none\"><div class=\"wp-block-getwid-section__wrapper getwid-padding-top-large getwid-padding-bottom-large getwid-padding-left-large getwid-padding-right-large getwid-margin-left-none getwid-margin-right-none\" style=\"min-height:50vh\"><div class=\"wp-block-getwid-section__inner-wrapper\"><div class=\"wp-block-getwid-section__background-holder\"><div class=\"wp-block-getwid-section__background\"><\/div><div class=\"wp-block-getwid-section__foreground\" style=\"opacity:0.74;background-color:var(--nv-site-bg)\"><\/div><\/div><div class=\"wp-block-getwid-section__content\"><div class=\"wp-block-getwid-section__inner-content\">\n<div class=\"wp-block-buttons is-content-justification-center is-layout-flex wp-container-core-buttons-is-layout-16018d1d wp-block-buttons-is-layout-flex\">\n<div class=\"wp-block-button\"><a class=\"wp-block-button__link has-background wp-element-button\" href=\"https:\/\/www.homfi.com\/agenci\/77414\/mateusz-maternowski\" style=\"background-color:#cd2a2a\" target=\"_blank\" rel=\"noreferrer noopener\">SPRAWD\u0179 OFERT\u0118 NIERUCHOMO\u015aCI<\/a><\/div>\n<\/div>\n<\/div><\/div><\/div><\/div><\/div>\n\n\n\n<div class=\"wp-block-columns alignfull is-layout-flex wp-container-core-columns-is-layout-9d6595d7 wp-block-columns-is-layout-flex\">\n<div class=\"wp-block-column is-layout-flow wp-block-column-is-layout-flow\">\n<div id=\"kontakt\" class=\"wp-block-getwid-section has-inner-blocks-gap-none getwid-margin-top-none getwid-margin-bottom-none\"><div class=\"wp-block-getwid-section__wrapper getwid-padding-top-normal getwid-padding-bottom-normal getwid-padding-left-normal getwid-padding-right-normal getwid-margin-left-none getwid-margin-right-none\" style=\"min-height:100vh\"><div class=\"wp-block-getwid-section__inner-wrapper\"><div class=\"wp-block-getwid-section__background-holder\"><div class=\"wp-block-getwid-section__background has-background has-nv-light-bg-background-color\"><\/div><div class=\"wp-block-getwid-section__foreground\" style=\"opacity:0.2;background-color:var(--nv-light-bg)\"><\/div><\/div><div class=\"wp-block-getwid-section__content\"><div class=\"wp-block-getwid-section__inner-content\">\n<h2 class=\"wp-block-heading has-text-align-center\">KONTAKT<\/h2>\n\n\n\n<div style=\"height:34px\" aria-hidden=\"true\" class=\"wp-block-spacer\"><\/div>\n\n\n\n<h2 class=\"wp-block-heading has-text-align-center\"><a rel=\"noreferrer noopener\" href=\"tel:+48733407607\" target=\"_blank\">+48 733 407 607<\/a><\/h2>\n\n\n\n<div style=\"height:34px\" aria-hidden=\"true\" class=\"wp-block-spacer\"><\/div>\n\n\n\n<h4 class=\"wp-block-heading has-text-align-center\">biuro@mgeomaternowski.pl<\/h4>\n<\/div><\/div><\/div><\/div><\/div>\n<\/div>\n\n\n\n<div class=\"wp-block-column is-layout-flow wp-block-column-is-layout-flow\">\n<div class=\"wp-block-getwid-section has-inner-blocks-gap-none getwid-margin-top-none getwid-margin-bottom-none\"><div class=\"wp-block-getwid-section__wrapper getwid-margin-left-none getwid-margin-right-none\" style=\"min-height:100vh\"><div class=\"wp-block-getwid-section__inner-wrapper\"><div class=\"wp-block-getwid-section__background-holder\"><div class=\"wp-block-getwid-section__background\" style=\"background-image:url('https:\/\/www.mgeomaternowski.pl\/wp-content\/uploads\/2022\/03\/20220204_112808-scaled.jpg');background-position:90% 47%;background-attachment:fixed\"><div class=\"wp-block-getwid-section__background-image-wrapper\"><img decoding=\"async\" class=\"wp-block-getwid-section__background-image\" src=\"https:\/\/www.mgeomaternowski.pl\/wp-content\/uploads\/2022\/03\/20220204_112808-scaled.jpg\" alt=\"\"\/><\/div><\/div><div class=\"wp-block-getwid-section__foreground\" style=\"opacity:0.54;background-color:var(--nv-text-color)\"><\/div><\/div><div class=\"wp-block-getwid-section__content\"><div class=\"wp-block-getwid-section__inner-content\"><\/div><\/div><\/div><\/div><\/div>\n<\/div>\n<\/div>\n\n\n\t\t\t<div \n\t\t\tclass=\"wp-block-uagb-google-map uagb-google-map__wrap uagb-block-8a604d72     wp-block-uagb-google-map uagb-google-map__wrap uagb-block-8a604d72\"\n\t\t\tstyle=\"\" >\n\t\t\t\t<embed\n\t\t\t\t\tclass=\"uagb-google-map__iframe\"\n\t\t\t\t\ttitle=\"Mapa Google dla \"\n\t\t\t\t\tsrc=\"https:\/\/maps.google.com\/maps?q=M-Geo%20Us%C5%82ugi%20Geodezyjne%20Mateusz%20Maternowski&#038;z=12&#038;hl=pl&#038;t=m&#038;output=embed&#038;iwloc=near\"\n\t\t\t\t\twidth=\"640\"\n\t\t\t\t\theight=\"800\"\n\t\t\t\t\tloading=\"lazy\"\n\t\t\t\t><\/embed>\n\t\t\t<\/div>\n\t\t\t","protected":false},"excerpt":{"rendered":"","protected":false},"author":1,"featured_media":0,"parent":0,"menu_order":0,"comment_status":"closed","ping_status":"closed","template":"","meta":{"_uag_custom_page_level_css":"","neve_meta_sidebar":"","neve_meta_container":"","neve_meta_enable_content_width":"","neve_meta_content_width":0,"neve_meta_title_alignment":"","neve_meta_author_avatar":"","neve_post_elements_order":"","neve_meta_disable_header":"","neve_meta_disable_footer":"","neve_meta_disable_title":"","footnotes":""},"class_list":["post-40","page","type-page","status-publish","hentry"],"uagb_featured_image_src":{"full":false,"thumbnail":false,"medium":false,"medium_large":false,"large":false,"1536x1536":false,"2048x2048":false,"neve-blog":false},"uagb_author_info":{"display_name":"Mateusz Maternowski Geodezja","author_link":"https:\/\/www.mgeomaternowski.pl\/?author=1"},"uagb_comment_info":0,"uagb_excerpt":null,"_links":{"self":[{"href":"https:\/\/www.mgeomaternowski.pl\/index.php?rest_route=\/wp\/v2\/pages\/40","targetHints":{"allow":["GET"]}}],"collection":[{"href":"https:\/\/www.mgeomaternowski.pl\/index.php?rest_route=\/wp\/v2\/pages"}],"about":[{"href":"https:\/\/www.mgeomaternowski.pl\/index.php?rest_route=\/wp\/v2\/types\/page"}],"author":[{"embeddable":true,"href":"https:\/\/www.mgeomaternowski.pl\/index.php?rest_route=\/wp\/v2\/users\/1"}],"replies":[{"embeddable":true,"href":"https:\/\/www.mgeomaternowski.pl\/index.php?rest_route=%2Fwp%2Fv2%2Fcomments&post=40"}],"version-history":[{"count":78,"href":"https:\/\/www.mgeomaternowski.pl\/index.php?rest_route=\/wp\/v2\/pages\/40\/revisions"}],"predecessor-version":[{"id":205,"href":"https:\/\/www.mgeomaternowski.pl\/index.php?rest_route=\/wp\/v2\/pages\/40\/revisions\/205"}],"wp:attachment":[{"href":"https:\/\/www.mgeomaternowski.pl\/index.php?rest_route=%2Fwp%2Fv2%2Fmedia&parent=40"}],"curies":[{"name":"wp","href":"https:\/\/api.w.org\/{rel}","templated":true}]}}